r - 76 = -4*s, -3*r = -3*s - 2*r + q. Does 6 divide s?
True
Let s(r) = r**2 - 3*r - 2. Let t be s(4). Let n be 5 - (-1 - (t + -5)). Suppose -n*j + 40 = 2*j. Is j a multiple of 4?
True
Let i(r) = r**2 - 1. Let z be i(-1). Suppose 0 = -4*m + 4*c + 288, z*m - 4*c - 75 = -m. Let a = -40 + m. Does 15 divide a?
False
Let a(s) = -s**3 + 3*s**2 + 4*s + 3. Let y be a(4). Let r be (-6)/3 - (-1 + -5). Suppose -y*u + 90 = u + 3*p, -5*u + 112 = r*p. Is 12 a factor of u?
True
Is 10 a factor of 20 + 0 - (0 - 0)?
True
Let p be 1/2*(-20)/2. Let r(d) = 13*d + 4. Let j be r(-2). Let f = p - j. Is f a multiple of 15?
False
Let n = 225 - 138. Is n a multiple of 29?
True
Suppose 4*h + 44 = 3*t - 52, -t = -h - 32. Does 16 divide t?
True
Let c = -3 - 0. Let f be 4 + (c - (-3 + 1)). Is 6 a factor of (-1 - -3)*f + 1?
False
Let r = 31 - -54. Does 10 divide r?
False
Let z be ((-8)/(-6) + -1)*177. Suppose p - z = -5*t, -3*p = 2*t - 0*p - 21. Does 6 divide t?
True
Suppose w + 15 = -4*w. Is (w + 1)*(-1 + -2) a multiple of 6?
True
Suppose 0*k + 212 = 2*k - 2*f, 5 = -f. Is k a multiple of 11?
False
Let w = 15 - 11. Suppose w*g = -3*f - 162, -3*f = 2*f + g + 253. Is (-1)/(-3) + f/(-3) a multiple of 8?
False
Let w be 626/(-18) - 2/9. Let f = w - -52. Is f a multiple of 14?
False
Let x be 3/4 - 181/(-4). Let d = x + -14. Is 9 a factor of d?
False
Suppose 0 = -2*b + 6. Let y be 3/(-6)*b*-2. Suppose 0 = y*d + 4*l - 19 + 4, l = 0. Is d a multiple of 3?
False
Let b(y) = -y**2 + 13*y - 15. Let o(x) = x**2 - 13*x + 1. Let h be o(9). Let t = -24 - h. Does 7 divide b(t)?
True
Let y = -84 + 154. Does 35 divide y?
True
Let w = 174 + -76. Does 18 divide w?
False
Let f(w) = 6*w**2 - 2*w + 8. Let d be f(-6). Suppose 5*l - 89 = d. Does 24 divide l?
False
Suppose 4*l + 4*z = -0*z + 888, 2*l - 2*z = 448. Is 19 a factor of l?
False
Suppose -2*a = 3*a - 10. Suppose 236 = 4*f + a*q, -4*q = f - q - 69. Is 18 a factor of f?
False
Suppose 0 = 4*k + 69 - 17. Let u = k - -17. Does 2 divide u?
True
Let y(a) = a**2 + 3*a - 6. Let w be y(-5). Let z(q) = q**3 - 2*q**2 - q - 1. Is z(w) a multiple of 21?
False
Suppose s = l - 54, -s + 35 = -4*l + 245. Does 39 divide l?
False
Suppose -3*n = 5*o + 39, 0 = o - 0*n - 3*n - 3. Suppose -5*r = -4*z - 88, 0*r - 4*r + 4*z + 68 = 0. Let j = o + r. Is 7 a factor of j?
True
Let n be 1/2 - (-1332)/24. Suppose 0*p + 4*p = n. Is p a multiple of 14?
True
Is 10 a factor of 74/8 + 6/8?
True
Let g(i) = 2*i - 1. Suppose -13 = -5*u - 3*j, 5*u - 5*j + 3 = 48. Suppose u*m = 11 + 19. Does 5 divide g(m)?
False
Let m(a) be the third derivative of a**6/80 + a**5/60 + a**4/12 + 3*a**2. Let h(y) be the second derivative of m(y). Is 19 a factor of h(4)?
True
Let v(o) = o**3 + 7*o**2 - 10*o + 10. Let f be 4/(3/6 - 1). Is 13 a factor of v(f)?
True
Suppose 0 = -p - 3*p. Let y(c) = c**2 + 7. Is y(p) a multiple of 4?
False
Suppose 0 = -2*a + 20. Let s = a - 8. Is s even?
True
Let q = 24 + -16. Is 4 a factor of q?
True
Let x = 3 - -1. Let o(t) = 5*t**2 + 1 - 1 - t**3 - t. Does 6 divide o(x)?
True
Let x(l) = -12*l**3 + 2*l + 1. Let t = 7 + -8. Is 3 a factor of x(t)?
False
Let m(w) = -8*w + 16. Suppose -2*t = -2*b + 4, -t - 3*b - 36 = 3*t. Does 19 divide m(t)?
False
Let d(k) = k**2 - 3*k - 5. Is 5 a factor of d(5)?
True
Suppose 0 = 2*h + 6*h - 808. Suppose 0 = -l, -398 = -3*a + 4*l + 265. Suppose 5*k = -2*v + a, -5*v + 0*v = 2*k - h. Does 11 divide k?
False
Let j(l) = -3*l + 6*l**2 + 3*l - 2*l + l**3 - 8 + 0*l**3. Is j(-6) a multiple of 4?
True
Is 7 a factor of (-11)/(66/(-216)) - (0 - 1)?
False
Let l(v) = v**3 + 4*v**2 + 5. Let a be l(-4). Suppose 5*b + 5*q = 35, -3*b + 2*q + a = 4. Is b a multiple of 2?
False
Suppose 6*q - 380 - 16 = 0. Is 9 a factor of q?
False
Let q(g) = g**2 + 13*g - 16. Does 38 divide q(-21)?
True
Suppose 3*u - 85 = 4*d, 2*u - 2*d = -13 + 67. Suppose 2 = 4*j + 10, -3*w + 4*j = -u. Is w a multiple of 5?
True
Suppose 3*a = 2*a + 30. Let i = a - -28. Is 8 a factor of i?
False
Let l(n) = -n**3 + 6*n**2 - n + 6. Let w be l(6). Suppose 4*t - 5*u = 53, 3*t - 34 = -2*u - w*u. Does 12 divide t?
True
Suppose -174 = -2*r - g + 2*g, g = 2. Let z(m) = m**2 - 7*m + 5. Let c be z(8). Suppose 4*l + c - 85 = -5*f, 4*l = 5*f - r. Is f a multiple of 16?
True
Let b(q) be the third derivative of q**5/60 + q**4/24 + q**3/3 - 4*q**2. Is b(0) a multiple of 2?
True
Suppose 0*k + 3*k + 2*a - 1012 = 0, -1040 = -3*k + 5*a. Does 16 divide k?
False
Suppose -1 - 7 = -2*g. Suppose g*f - 107 = 37. Does 17 divide f?
False
Does 21 divide -6*(-9 - (0 + -2))?
True
Let q = 0 - 0. Suppose -5*i - g + 11 = q, -5*i + 0*g = -3*g - 7. Suppose 4*v - 16 = 0, 4*v = -i*d + 29 + 15. Is d a multiple of 7?
True
Is (189 - 4/(1 - 5)) + 0 a multiple of 27?
False
Does 26 divide 3304/42*(-3)/(-2)?
False
Let k(m) = m**3 - 15*m**2 + 14*m + 6. Let v be k(14). Suppose -3*l + 283 = 5*g, 5*g = -2*l + v*l + 276. Does 28 divide g?
True
Let a = 105 - 5. Does 4 divide a?
True
Let v be 20*4/(16/6). Suppose 0*q + v = 3*q. Does 7 divide q?
False
Let p be (6/9*-3)/(-1). Suppose -p*i + 2*l + 6 = -i, -4*i + 2*l = -12. Does 2 divide i?
True
Let x(g) = -g**3 + 4*g**2 + 5*g + 8. Does 14 divide x(-3)?
True
Suppose -3*y + 4 + 2 = 0. Suppose y*p - 17 = 67. Is 13 a factor of p?
False
Let i be -8*(-4 - (2 + -2)). Suppose -4*m + 4*u = -i, 3*m + u - 19 = m. Does 3 divide m?
True
Let d(y) = y**2 + 3*y - 2. Let l be d(-4). Suppose l - 4 = -n. Let a = n + 5. Does 4 divide a?
False
Let b(g) = 3*g + 1. Let p(u) = -u. Let c(w) = b(w) + 2*p(w). Let t be c(4). Suppose t*a = -4*m + 59, 2*m = -m - 4*a + 45. Does 5 divide m?
False
Let w(u) = 55*u + 2. Is 25 a factor of w(1)?
False
Suppose -5*q = 50 + 95. Let z = q + 57. Is z a multiple of 12?
False
Let j = 5 - 5. Suppose j = -4*q + 1 + 103. Is q a multiple of 18?
False
Suppose -2*t - t - 5*z - 19 = 0, 0 = 2*t + 4*z + 16. Is (-4)/t*1 + 9 a multiple of 3?
False
Suppose 118 + 422 = 5*n. Is n a multiple of 39?
False
Does 21 divide -8*(306/(-12) + 4)?
False
Suppose 0*m = -4*m + 8. Let i be -2 - (-1 + 1 - m). Does 12 divide (14 + i - 2)/1?
True
Let x(z) = z**3 - z**2 + z + 22. Let u be x(0). Does 7 divide 3/((-41)/u - -2)?
False
Let y(f) be the first derivative of -f**5/40 - f**4/8 - 2*f**3/3 + 2. Let p(v) be the third derivative of y(v). Does 9 divide p(-7)?
True
Let f be (-40)/(-12) + (-2)/6. Suppose 58 = f*v - 20. Is 20 a factor of (v/2)/(2/6)?
False
Let y(t) = -3*t + 0*t + 2*t + 4. Does 11 divide y(-17)?
False
Is 27 - (1 + -2)*-2 a multiple of 5?
True
Suppose 2*i = -3*f + 292, -f = -5*i - 54 + 784. Does 8 divide i?
False
Suppose 0 = -2*p - 3*p + 660. Suppose -c = -5*c + p. Is 7 a factor of c?
False
Suppose 0 = 4*p + 4*t - 712, -p + t = -105 - 71. Is 59 a factor of p?
True
Let r(y) = y**3 - 10*y**2 + 29*y - 8. Does 43 divide r(9)?
True
Let f = -25 + 61. Does 13 divide f?
False
Let l = -4 - -6. Suppose -l*j = -4*i + 2*i + 128, i + 2*j = 49. Is i a multiple of 11?
False
Let j(c) = -c**2 - 10*c - 12. Let l be j(-8). Suppose 77 = l*g - 6*t + t, 2*g - 3*t - 39 = 0. Does 9 divide g?
True
Let k = 11 - 5. Suppose 2*s - k = 4. Suppose -87 = -3*p + 3*u, 3*u = s*p - 0*u - 135. Does 8 divide p?
True
Let u = -3 - 26. Let g = u + 65. Does 18 divide g?
True
Let l(y) = 14*y - 7. Let t = 9 - 4. Is l(t) a multiple of 23?
False
Let t = 8 - 4. Suppose 2*c - 4*m + 521 = 7*c, t*c - 423 = 3*m. Is 35 a factor of c?
True
Let g(l) = -l**2 - 22*l - 22. Is 30 a factor of g(-8)?
True
Let r(b) = -4*b + 6. Let a be r(6). Is 9/a*-1*74 a multiple of 14?
False
Suppose -5*q + 4*l = -13, 3*l - 4 = 5. Let v(h) = h**3 - 3*h**2 - h - 1. Does 11 divide v(q)?
True
Suppose -o + 25 = g, -79 - 20 = -3*g + 5*o. Does 8 divide g?
False
Suppose -3*a = 2*a - 105. Let d be 2/(-2) - a*-1. Is 4 a factor of 1/(-1) + d/4?
True
Let v(u) = u**2 + 6*u + 10. Let x be v(-4). Is x/(-11) - 699/(-33) a multiple of 8?
False
Let w be 328/(-12)*(-6)/4. Let x = w - 11. Is (-1 + x/(-9))*-6 a multiple of 10?
False
Let l be (-4 - 0 - -2)*8. Let d = l + 23. Suppose -2*v + d*v - 70 = 0. Does 7 divide v?
True
Let r(m) be the second derivative of -m**3/6 + 9*m**2/2 + 3*m. Let u be r(-7). Let s = 26 - u. Is s a multiple of 10?
True
Does 9 divide (3*-5*1)/((-30)/20)?
False
Does 11 divide 1/(-3)*(2 + -5) - -65?
True
Suppose -3*s + z + 313 = 3*z, -4*z - 230 = -2*s. Does 11 divide s?
Fals